{"id":16,"date":"2017-07-13T12:25:44","date_gmt":"2017-07-13T10:25:44","guid":{"rendered":"https:\/\/www.sconxis.com\/?page_id=16"},"modified":"2017-07-14T11:59:31","modified_gmt":"2017-07-14T09:59:31","slug":"sicherheitstechnik","status":"publish","type":"page","link":"https:\/\/www.sconxis.com\/index.php\/sicherheitstechnik\/","title":{"rendered":"Sicherheitstechnik"},"content":{"rendered":"<p style=\"text-align: justify;\">Sie besitzen ein Haus, eine Wohnung, eine Garage, ein Lager oder ein Betriebsgel\u00e4nde.<br \/>\nSie wurden bereits bestohlen oder mussten einen Einbruch erleiden. Sie m\u00f6chten ihr Eigentum und ihre Liebsten sch\u00fctzen und ein gewaltsames Eindringen in ihre R\u00e4ume erfolgreich verhindern.<br \/>\nSie bef\u00fcrchten fremde Abh\u00f6rtechnik (\u201espyware\u201c) in ihren R\u00e4umlichkeiten oder wollen selber verdeckte \u00dcberwachungstechnik installieren? Sie k\u00f6nnen sich jetzt aktiv ein St\u00fcck Sicherheit zur\u00fcckholen!<\/p>\n<p style=\"text-align: justify;\">Wir helfen ihnen dabei, wieder mehr Sicherheit, Kontrolle und Ruhe in ihr Leben zur\u00fcck zu bringen.<br \/>\nUnsere Sicherheitsexperten werden sich nach ihrem Terminkalender richten und einen geeigneten Besichtigungstermin vereinbaren.<br \/>\nMit geschulten Augen und jahrelangen Erfahrungen in diesem Fachbereich, werden unsere Mitarbeiter ihr Objekt \/ Grundst\u00fcck besichtigen und einsch\u00e4tzen. Anschlie\u00dfend erhalten sie konzeptionelle Vorschl\u00e4ge f\u00fcr die individuelle Verbesserung und zuk\u00fcnftige Gestaltung der Sicherheitslage.<br \/>\nHier kommt neben jahrelanger Erfahrung auf diesem Sektor auch die modernste Technik zum Tragen.<br \/>\nEin ma\u00dfgeschneidertes System diverser Komponenten von Abwehr \u2013 und \u00dcberwachungstechnik steht ihnen im vollen Umfang zur Verf\u00fcgung.<\/p>\n","protected":false},"excerpt":{"rendered":"<p>Sie besitzen ein Haus, eine Wohnung, eine Garage, ein Lager oder ein Betriebsgel\u00e4nde. Sie wurden bereits bestohlen oder mussten einen Einbruch erleiden. Sie m\u00f6chten ihr Eigentum und ihre Liebsten sch\u00fctzen und ein gewaltsames Eindringen in ihre R\u00e4ume erfolgreich verhindern. Sie bef\u00fcrchten fremde Abh\u00f6rtechnik (\u201espyware\u201c) in ihren R\u00e4umlichkeiten oder wollen selber\u2026<\/p>\n<p> <a class=\"continue-reading-link\" href=\"https:\/\/www.sconxis.com\/index.php\/sicherheitstechnik\/\"><span>Continue reading<\/span><i class=\"crycon-right-dir\"><\/i><\/a> <\/p>\n","protected":false},"author":1,"featured_media":0,"parent":0,"menu_order":0,"comment_status":"closed","ping_status":"closed","template":"","meta":{"footnotes":""},"class_list":["post-16","page","type-page","status-publish","hentry"],"yoast_head":"<!-- This site is optimized with the Yoast SEO plugin v27.6 - https:\/\/yoast.com\/product\/yoast-seo-wordpress\/ -->\n<title>Sicherheitstechnik - Sconxis International<\/title>\n<meta name=\"description\" content=\"Ein ma\u00dfgeschneidertes System diverser Komponenten von Abwehr \u2013 und \u00dcberwachungstechnik steht ihnen im vollen Umfang zur Verf\u00fcgung.\" \/>\n<meta name=\"robots\" content=\"index, follow, max-snippet:-1, max-image-preview:large, max-video-preview:-1\" \/>\n<link rel=\"canonical\" href=\"https:\/\/www.sconxis.com\/index.php\/sicherheitstechnik\/\" \/>\n<meta property=\"og:locale\" content=\"de_DE\" \/>\n<meta property=\"og:type\" content=\"article\" \/>\n<meta property=\"og:title\" content=\"Sicherheitstechnik - Sconxis International\" \/>\n<meta property=\"og:description\" content=\"Ein ma\u00dfgeschneidertes System diverser Komponenten von Abwehr \u2013 und \u00dcberwachungstechnik steht ihnen im vollen Umfang zur Verf\u00fcgung.\" \/>\n<meta property=\"og:url\" content=\"https:\/\/www.sconxis.com\/index.php\/sicherheitstechnik\/\" \/>\n<meta property=\"og:site_name\" content=\"Sconxis International\" \/>\n<meta property=\"article:modified_time\" content=\"2017-07-14T09:59:31+00:00\" \/>\n<meta name=\"twitter:card\" content=\"summary_large_image\" \/>\n<meta name=\"twitter:label1\" content=\"Gesch\u00e4tzte Lesezeit\" \/>\n\t<meta name=\"twitter:data1\" content=\"1\u00a0Minute\" \/>\n<script type=\"application\/ld+json\" class=\"yoast-schema-graph\">{\"@context\":\"https:\\\/\\\/schema.org\",\"@graph\":[{\"@type\":\"WebPage\",\"@id\":\"https:\\\/\\\/www.sconxis.com\\\/index.php\\\/sicherheitstechnik\\\/\",\"url\":\"https:\\\/\\\/www.sconxis.com\\\/index.php\\\/sicherheitstechnik\\\/\",\"name\":\"Sicherheitstechnik - Sconxis International\",\"isPartOf\":{\"@id\":\"https:\\\/\\\/www.sconxis.com\\\/#website\"},\"datePublished\":\"2017-07-13T10:25:44+00:00\",\"dateModified\":\"2017-07-14T09:59:31+00:00\",\"description\":\"Ein ma\u00dfgeschneidertes System diverser Komponenten von Abwehr \u2013 und \u00dcberwachungstechnik steht ihnen im vollen Umfang zur Verf\u00fcgung.\",\"breadcrumb\":{\"@id\":\"https:\\\/\\\/www.sconxis.com\\\/index.php\\\/sicherheitstechnik\\\/#breadcrumb\"},\"inLanguage\":\"de\",\"potentialAction\":[{\"@type\":\"ReadAction\",\"target\":[\"https:\\\/\\\/www.sconxis.com\\\/index.php\\\/sicherheitstechnik\\\/\"]}]},{\"@type\":\"BreadcrumbList\",\"@id\":\"https:\\\/\\\/www.sconxis.com\\\/index.php\\\/sicherheitstechnik\\\/#breadcrumb\",\"itemListElement\":[{\"@type\":\"ListItem\",\"position\":1,\"name\":\"Startseite\",\"item\":\"https:\\\/\\\/www.sconxis.com\\\/\"},{\"@type\":\"ListItem\",\"position\":2,\"name\":\"Sicherheitstechnik\"}]},{\"@type\":\"WebSite\",\"@id\":\"https:\\\/\\\/www.sconxis.com\\\/#website\",\"url\":\"https:\\\/\\\/www.sconxis.com\\\/\",\"name\":\"Sconxis International\",\"description\":\"\",\"publisher\":{\"@id\":\"https:\\\/\\\/www.sconxis.com\\\/#organization\"},\"potentialAction\":[{\"@type\":\"SearchAction\",\"target\":{\"@type\":\"EntryPoint\",\"urlTemplate\":\"https:\\\/\\\/www.sconxis.com\\\/?s={search_term_string}\"},\"query-input\":{\"@type\":\"PropertyValueSpecification\",\"valueRequired\":true,\"valueName\":\"search_term_string\"}}],\"inLanguage\":\"de\"},{\"@type\":\"Organization\",\"@id\":\"https:\\\/\\\/www.sconxis.com\\\/#organization\",\"name\":\"Sconxis International\",\"url\":\"https:\\\/\\\/www.sconxis.com\\\/\",\"logo\":{\"@type\":\"ImageObject\",\"inLanguage\":\"de\",\"@id\":\"https:\\\/\\\/www.sconxis.com\\\/#\\\/schema\\\/logo\\\/image\\\/\",\"url\":\"https:\\\/\\\/www.sconxis.com\\\/wp-content\\\/uploads\\\/2017\\\/07\\\/Favicon.jpg\",\"contentUrl\":\"https:\\\/\\\/www.sconxis.com\\\/wp-content\\\/uploads\\\/2017\\\/07\\\/Favicon.jpg\",\"width\":64,\"height\":64,\"caption\":\"Sconxis International\"},\"image\":{\"@id\":\"https:\\\/\\\/www.sconxis.com\\\/#\\\/schema\\\/logo\\\/image\\\/\"}}]}<\/script>\n<!-- \/ Yoast SEO plugin. -->","yoast_head_json":{"title":"Sicherheitstechnik - Sconxis International","description":"Ein ma\u00dfgeschneidertes System diverser Komponenten von Abwehr \u2013 und \u00dcberwachungstechnik steht ihnen im vollen Umfang zur Verf\u00fcgung.","robots":{"index":"index","follow":"follow","max-snippet":"max-snippet:-1","max-image-preview":"max-image-preview:large","max-video-preview":"max-video-preview:-1"},"canonical":"https:\/\/www.sconxis.com\/index.php\/sicherheitstechnik\/","og_locale":"de_DE","og_type":"article","og_title":"Sicherheitstechnik - Sconxis International","og_description":"Ein ma\u00dfgeschneidertes System diverser Komponenten von Abwehr \u2013 und \u00dcberwachungstechnik steht ihnen im vollen Umfang zur Verf\u00fcgung.","og_url":"https:\/\/www.sconxis.com\/index.php\/sicherheitstechnik\/","og_site_name":"Sconxis International","article_modified_time":"2017-07-14T09:59:31+00:00","twitter_card":"summary_large_image","twitter_misc":{"Gesch\u00e4tzte Lesezeit":"1\u00a0Minute"},"schema":{"@context":"https:\/\/schema.org","@graph":[{"@type":"WebPage","@id":"https:\/\/www.sconxis.com\/index.php\/sicherheitstechnik\/","url":"https:\/\/www.sconxis.com\/index.php\/sicherheitstechnik\/","name":"Sicherheitstechnik - Sconxis International","isPartOf":{"@id":"https:\/\/www.sconxis.com\/#website"},"datePublished":"2017-07-13T10:25:44+00:00","dateModified":"2017-07-14T09:59:31+00:00","description":"Ein ma\u00dfgeschneidertes System diverser Komponenten von Abwehr \u2013 und \u00dcberwachungstechnik steht ihnen im vollen Umfang zur Verf\u00fcgung.","breadcrumb":{"@id":"https:\/\/www.sconxis.com\/index.php\/sicherheitstechnik\/#breadcrumb"},"inLanguage":"de","potentialAction":[{"@type":"ReadAction","target":["https:\/\/www.sconxis.com\/index.php\/sicherheitstechnik\/"]}]},{"@type":"BreadcrumbList","@id":"https:\/\/www.sconxis.com\/index.php\/sicherheitstechnik\/#breadcrumb","itemListElement":[{"@type":"ListItem","position":1,"name":"Startseite","item":"https:\/\/www.sconxis.com\/"},{"@type":"ListItem","position":2,"name":"Sicherheitstechnik"}]},{"@type":"WebSite","@id":"https:\/\/www.sconxis.com\/#website","url":"https:\/\/www.sconxis.com\/","name":"Sconxis International","description":"","publisher":{"@id":"https:\/\/www.sconxis.com\/#organization"},"potentialAction":[{"@type":"SearchAction","target":{"@type":"EntryPoint","urlTemplate":"https:\/\/www.sconxis.com\/?s={search_term_string}"},"query-input":{"@type":"PropertyValueSpecification","valueRequired":true,"valueName":"search_term_string"}}],"inLanguage":"de"},{"@type":"Organization","@id":"https:\/\/www.sconxis.com\/#organization","name":"Sconxis International","url":"https:\/\/www.sconxis.com\/","logo":{"@type":"ImageObject","inLanguage":"de","@id":"https:\/\/www.sconxis.com\/#\/schema\/logo\/image\/","url":"https:\/\/www.sconxis.com\/wp-content\/uploads\/2017\/07\/Favicon.jpg","contentUrl":"https:\/\/www.sconxis.com\/wp-content\/uploads\/2017\/07\/Favicon.jpg","width":64,"height":64,"caption":"Sconxis International"},"image":{"@id":"https:\/\/www.sconxis.com\/#\/schema\/logo\/image\/"}}]}},"_links":{"self":[{"href":"https:\/\/www.sconxis.com\/index.php\/wp-json\/wp\/v2\/pages\/16","targetHints":{"allow":["GET"]}}],"collection":[{"href":"https:\/\/www.sconxis.com\/index.php\/wp-json\/wp\/v2\/pages"}],"about":[{"href":"https:\/\/www.sconxis.com\/index.php\/wp-json\/wp\/v2\/types\/page"}],"author":[{"embeddable":true,"href":"https:\/\/www.sconxis.com\/index.php\/wp-json\/wp\/v2\/users\/1"}],"replies":[{"embeddable":true,"href":"https:\/\/www.sconxis.com\/index.php\/wp-json\/wp\/v2\/comments?post=16"}],"version-history":[{"count":2,"href":"https:\/\/www.sconxis.com\/index.php\/wp-json\/wp\/v2\/pages\/16\/revisions"}],"predecessor-version":[{"id":36,"href":"https:\/\/www.sconxis.com\/index.php\/wp-json\/wp\/v2\/pages\/16\/revisions\/36"}],"wp:attachment":[{"href":"https:\/\/www.sconxis.com\/index.php\/wp-json\/wp\/v2\/media?parent=16"}],"curies":[{"name":"wp","href":"https:\/\/api.w.org\/{rel}","templated":true}]}}